j - 43. Let x be ((-4)/(-2) + -16)/2. List the prime factors of s(x).
2, 5, 11
Let m(j) = 1475*j + 44. Let h be m(10). Suppose h = 37*z - 20430. What are the prime factors of z?
2, 7, 17
Let i be 7 + ((-4)/2 - -1). Let u(z) be the third derivative of 11*z**4/12 - 19*z**3/6 - 207*z**2. List the prime factors of u(i).
113
Suppose -22996 = 2*m - 4*c, -13*m + 15*m + 5*c + 23014 = 0. List the prime factors of 4/(-7) - (-13)/(-182)*m.
821
Let c = 6816 - 2996. What are the prime factors of c?
2, 5, 191
Suppose -4*n - 113816 = -4*u, -2*u - 168*n + 167*n = -56887. What are the prime factors of u?
28447
Let m = -7348 + 19567. List the prime factors of m.
3, 4073
Suppose -81 = -6*s + 15*s. Let f be 6/s - 2/(-3). Suppose f = 7*w - 0*w - 434. List the prime factors of w.
2, 31
Let p(g) = g**3 + 12*g**2 - 6*g - 28. Let j(d) = 2*d**2 + 11*d - 5. Let h be j(-5). List the prime factors of p(h).
2, 29
Let o(i) = -4*i - 25. Let k be o(-9). Suppose -3*f = -4*j + 1536, -k = -5*f + 9. What are the prime factors of j?
3, 43
Let l(d) be the first derivative of 5*d**3/3 - 13*d**2 - 11*d + 103. What are the prime factors of l(10)?
229
What are the prime factors of 483048/(-48)*2/(-3)?
6709
Let o(v) = -10*v**2 + 22*v**2 - 2 + 12*v**3 + 4*v - 14*v**2. Let c(y) = -y**2 + 7*y - 8. Let z be c(5). What are the prime factors of o(z)?
2, 47
Let p = 95 + -92. Suppose -24*v + 5202 = -21*v - 3*q, p*v + q - 5190 = 0. List the prime factors of v.
3, 577
Let f be (-84)/(-45) + -2 + (-28336)/(-120). Suppose -3*z - 5*r + 32 = 0, z + z - 4*r = -8. Suppose 0 = 6*m - z*m - f. What are the prime factors of m?
2, 59
Suppose -8*q + 3*q = -5*l - 100, 5*l + q = -70. Let w be -15*(2 - (-273)/l). Suppose 431 = 4*t - 5*g, 3*t - 3*g + w = 5*t. List the prime factors of t.
2, 3, 19
Suppose -35 = 15*x - 110. Suppose 5*q - x*u = 2590, 3*u - 2963 = -5*q - 365. List the prime factors of q.
3, 173
Let x = 489 + -480. Suppose x*b - 1188 = -0*b. List the prime factors of b.
2, 3, 11
Let l(f) be the third derivative of f**5/60 + f**4/4 + 5*f**3/3 + 37*f**2. Let q be l(-7). List the prime factors of (-10 - -20)/(1/q).
2, 5, 17
Suppose -171*z - 75999 = -411501. What are the prime factors of z?
2, 3, 109
Let a = -607 + 601. List the prime factors of (-2)/a - (10 - (-19922)/(-21)).
3, 313
Suppose 0 = 2*q - 1155 + 3903. Let k = q + 2051. List the prime factors of k.
677
Let j = 18 - 25. Let t = 208 - j. What are the prime factors of (1*-6)/((-10)/t)?
3, 43
Suppose -39 + 7 = -8*y. What are the prime factors of (13/2)/(y/592)?
2, 13, 37
Suppose 4*i = j - 10, 0 = 5*i + 7 + 13. Let n(o) = -4*o**3 - 5*o**2 - 14*o - 10. What are the prime factors of n(j)?
2, 379
Suppose 90924 = 3*y + 5*j, 5*y + 10*j = 6*j + 151566. What are the prime factors of y?
2, 3, 31, 163
Let z = 2258 - -1738. Suppose -z = -6*o - 402. List the prime factors of o.
599
Let z be ((-3)/6)/((-2)/52). Suppose -k + 3*g + z + 0 = 0, 4*k + 5*g - 1 = 0. Let q(n) = 2*n**3 - 7*n**2 + 6*n - 1. List the prime factors of q(k).
3, 13
Let q = -10491 + 13103. What are the prime factors of q?
2, 653
Let g(u) = 3448*u + 2612. List the prime factors of g(14).
2, 12721
Let n(l) = -l**3 - 4*l**2 - 6*l - 4. Let w = 36 - 39. Let x be n(w). Suppose -x*t + 484 = -t. List the prime factors of t.
11
What are the prime factors of (-7)/((-14)/9960) - (-10 - 207/(-23))?
17, 293
Let z(s) = 17*s**2 + 8*s + 20. What are the prime factors of z(-5)?
3, 5
Let f be 1/5 + 0 + 56/20. Let v be (4 + f/(-2))*2. Suppose 0 = 2*c + 3*h - 190, 0*c = -5*c + v*h + 500. What are the prime factors of c?
2, 7
Let r(v) = -2*v + 11. Suppose 2*o - 1 = 5*u + 14, -5*o - 5*u + 20 = 0. Let y be r(o). List the prime factors of (5/3 - y)*9840/32.
5, 41
Suppose -3834 = -147*h + 145*h. Suppose 5*k - 3*y = 1896, 17*k + 4*y - h = 12*k. List the prime factors of k.
3, 127
Let o(j) = 16*j**2 - 4*j + 1. Let t be o(-3). Suppose -5*y = 4*v - 237, 3*y - 2*v - t = 3*v. Let u = -14 + y. What are the prime factors of u?
5, 7
Suppose -1413 = 5*x - 68. Let o = x + 575. What are the prime factors of o?
2, 3, 17
Suppose -1174 = -5*g - 3*i, -4*g = -2*i - 2*i - 920. Let x = g + 58. What are the prime factors of x?
3, 97
Let k(h) = 224*h - 3. Let b be 2/(3*2) - 12/(-18). Let o be k(b). Let j = -133 + o. List the prime factors of j.
2, 11
Let o be (-251)/(33/6 + -5). Let h = -178 - o. List the prime factors of h.
2, 3
Let o(p) = 3075*p - 694. What are the prime factors of o(3)?
19, 449
What are the prime factors of (9 + 57/(-6))*(5 - 22323)?
11159
Suppose 0 = 3*c - c - 10. Let i(b) = 54*b - 4. Let p be i(c). Let t = p - 171. List the prime factors of t.
5, 19
Suppose 0 = -w + 4 + 5. Suppose -8*o + 73 = w. Let a(g) = 9*g - 3. What are the prime factors of a(o)?
3, 23
Suppose 8*p - 563 = 7*p. Let g = 1043 - p. Suppose g = 2*a + a. What are the prime factors of a?
2, 5
Suppose 5*u = 21*u - 15616. Suppose 3*i + x = -x + u, 986 = 3*i + 4*x. List the prime factors of i.
2, 7, 23
Suppose -3*m = 4*q - 59, -5*m + 26 = 41. Suppose -5*n + 5138 = 2*d, q*n = 12*n - 4*d + 5146. What are the prime factors of n?
2, 3, 19
Let q = -1808 - -7291. What are the prime factors of q?
5483
Let g = 6 + -2. Suppose z = 3*j + 2*j + 24, z - g*j = 21. Suppose -z*p + 12*p = 231. What are the prime factors of p?
7, 11
Suppose 0 = 4*b + p - 13993 - 58576, b = 5*p + 18179. List the prime factors of b.
2, 3, 7
Let s = 1873 + 1211. List the prime factors of s.
2, 3, 257
Let l(z) = 26*z - 12. Let w(b) = -26*b + 12. Let y(c) = 6*l(c) + 5*w(c). Let i be y(11). What are the prime factors of (-10)/(-20) + i/4?
3, 23
Let d = 74 + -7. Suppose 0 = -o + 5*c + d, 4*o - 4*c - 268 = -c. Suppose 3*k = -2*m + 127, -k - o = -m - 6*k. What are the prime factors of m?
2, 31
Let k = -9336 + 23862. List the prime factors of k.
2, 3, 269
Suppose -3*d - 28 = -43. Suppose -b - 2338 = -d*q, 4*q + b - 5*b = 1880. What are the prime factors of q?
467
Suppose 56*r - 64*r + 8 = 0. List the prime factors of (-261)/(-12) + r + 4/16.
23
Suppose 2*d + 0*c + c = 79, 5*d = 2*c + 220. Let m be (-16)/6*(-1)/((-4)/d). List the prime factors of 1*(3 + -7) - m.
2, 3
Let q(o) = 3*o**3 + o**2 + 3*o - 3. Let j be q(5). Suppose -2*b - m = 536, 4*b + m + 509 = -561. Let p = j + b. List the prime factors of p.
5, 29
Let m = -35212 - -86563. What are the prime factors of m?
3, 17117
Let j = -133 + 226. What are the prime factors of (-31)/j - (-1954)/3?
3, 7, 31
Suppose -5*d - 17005 = -u, -4*u + 25521 = -d - 42423. List the prime factors of u.
5, 43, 79
Suppose 3*a + s = 1832, -2214 = -5*a + 5*s + 846. Let f = 1544 - a. List the prime factors of f.
3, 311
Let p(n) = 10*n**2 + n. Let j be p(1). Let h = 8 - j. Let g = 95 + h. What are the prime factors of g?
2, 23
Let y(f) be the third derivative of -19*f**4/8 + 65*f**3/6 + f**2 - 7. List the prime factors of y(-8).
521
Suppose 0*o - 15 = -5*o. Suppose -o*n = -4*n - 53. Let j = -20 - n. List the prime factors of j.
3, 11
Suppose -2695 = 3*d - 2*n + 5128, 4*n + 2589 = -d. What are the prime factors of d/(-8) - 54/(-144)?
2, 163
Suppose 323*q = 341*q - 256050. List the prime factors of q.
5, 569
Suppose s - 5*s = 0. Let k = 3102 - 2917. Suppose -102 = -2*i - 5*l, -3*i - 2*i + 5*l + k = s. What are the prime factors of i?
41
Suppose 3*l + 5*d = -49, -l - 37 = 2*l - d. What are the prime factors of l/(13/2)*283/(-1)?
2, 283
Let i = -70 - -112. List the prime factors of ((-690)/90)/((-1)/i).
2, 7, 23
Let s be (-80)/12*(-60)/50. Let v(l) = 78*l - 109. List the prime factors of v(s).
5, 103
Let b(q) = 74*q + 6. Suppose 4*w - 34 = -3*g, 5*g - 2*g - 2*w = 28. List the prime factors of b(g).
2, 373
Let c(n) = 352*n - 11. Let q be c(1). Let y = 211 - q. Let h = 137 + y. List the prime factors of h.
7
Let i = 17 - 15. Suppose 4*t + i*l = -2*l - 40, 3*t + 10 = l. List the prime factors of (t + 0 - -2) + 136.
7, 19
Let v be (-1125)/(-9) + 0 + 1. Suppose 0 = -3*z, s - 2*s + z - v = 0. Let y = s + 231. What are the prime factors of y?
3, 5, 7
Let m(i) = 16963*i**2 - 118*i - 229. What are the prime factors of m(-2)?
11, 31, 199
Let q be (24/(-60))/((-3)/15). Suppose -3*j + 115 + 89 = q*d, -4*j = d - 97. What are the prime factors of d?
3, 5, 7
Suppose 8*z - 7*z = 1202. Suppose 3*a = 3*n + 1617, -5*a - 4*n + z = -1502. Suppose -5*b = -0*b - a. List the prime factors of 